2)))?
1
Let n(t) = -30*t + 4. Let s be n(-28). What is the tens digit of s + -25 + (6/(-1) - -2)?
1
Suppose 4*h + 16 = 2*h + 4*s, -2*h - 5*s = -29. Suppose c + 3 = 0, -h*w + 5*w - 2*c = 981. What is the tens digit of w?
2
Let u = 16175 + 29800. What is the ten thousands digit of u?
4
Let w(u) = 26*u - 7*u**2 + 8*u**2 + 14 - 11*u. Let o be w(-14). What is the tens digit of ((-15)/(-10) + o)*(-76)/(-3)?
3
Suppose -5176 + 4411 = -m. What is the hundreds digit of m?
7
Let p = -404 + 404. Suppose p = -57*a + 67*a - 3290. What is the units digit of a?
9
Let p = 9 - 2. What is the hundreds digit of 77/21*p*6?
1
Let v be 3 + (5 - (5*-8)/(-5)). Suppose v = -2*d - 345 + 879. What is the tens digit of d?
6
Let s be (-208)/(-34) - (-12)/(-102). Suppose 0 = -x + 2*x - s*x. Suppose x*c = -6*c + 48. What is the units digit of c?
8
Let n = 153 + 185. Suppose -3*g + n = -187. What is the hundreds digit of g?
1
Let m(n) = -n. Let v be m(6). Let f(y) = -14*y - 11. Let w be f(v). Suppose w*j = 69*j + 84. What is the tens digit of j?
2
Let d = 34 - 26. Let a(z) = -z**3 + 7*z**2 + 7*z + 10. Let i be a(d). Suppose -i*g = -4*g + 126. What is the units digit of g?
3
Let n be -6 - -2 - ((-18)/2 - 0). Suppose -j - u - 1177 = -n*j, -5*j - u = -1469. What is the tens digit of j?
9
Suppose -2*n - 19 + 3 = -4*v, -20 = -5*v + 4*n. Suppose 0 = -5*m - 5*a - 85, -76 = 4*m - 0*a - v*a. Let h = 50 + m. What is the units digit of h?
2
Suppose -13*g - 27 = -1. Suppose l = 5*u + 97, 0 = 3*l - u - 257 - 6. Let j = l - g. What is the units digit of j?
9
Let b = 19 - 25. Let o be (-5)/(-30) - (-13)/b. Let k = 44 + o. What is the tens digit of k?
4
Suppose 5*f + 12066 = 5*o - 17964, -o = f - 6002. What is the thousands digit of o?
6
Suppose -30*i = -10*i - 73800. Suppose -7*s + 13*s = i. What is the hundreds digit of s?
6
Suppose 0 = -2*v - z + 167 + 463, -z = -v + 321. Suppose -5*i + m = -2505, i + 3*m - 184 = v. What is the units digit of i?
1
Suppose 0 = 5*a + 2*l - 2475, -3*a + 0*l = 3*l - 1485. Let v = -146 + a. What is the hundreds digit of v?
3
Suppose 8*o - 8 = 0, 95*y - o = 94*y + 48303. What is the units digit of y?
4
What is the ten thousands digit of 6 + 2967645/105 + ((-20)/(-28) - 1)?
2
Let u(w) = -863*w - 127. What is the thousands digit of u(-17)?
4
Let b = -34131 - -63818. What is the ten thousands digit of b?
2
Let h be 16/(-6 + (-16)/(-4)). Let l(x) = x**2 + 2. What is the units digit of l(h)?
6
Let k(x) = x**2 + 3*x - 14. Let v be k(-6). Suppose -358 = -v*p + 390. Suppose 2*j = p - 35. What is the units digit of j?
6
Let w(n) = -n**3 - 5*n**2 - 12*n - 11. Let m = 166 + -127. Suppose 9*j + m = -33. What is the units digit of w(j)?
7
Let q(i) = 182*i + 2159. What is the tens digit of q(7)?
3
Let v(w) = -2*w**3 - 26*w**2 + 2*w - 68. Let r(b) = -b**3 - 26*b**2 - 69. Let y(u) = -3*r(u) + 2*v(u). What is the units digit of y(26)?
5
Let u = 297 + -176. Let z = u - 95. What is the tens digit of (-6)/39 + 1694/z?
6
Let a(z) = 2*z**2 - 22*z - 13. Let g be a(11). Let s be (-431)/g - (-4)/(-26). Let u = 96 - s. What is the tens digit of u?
6
Let m(j) = 7*j - 4. Let t be m(-2). Let z be (8/(-36) + 68/t)*-1. Suppose 4*d - z*v = v + 256, 0 = 2*d - 5*v - 138. What is the tens digit of d?
5
Suppose -4675 = 66*q - 668041. What is the units digit of q?
1
Suppose -2*y - 3*s + 3892 = 0, 0*y + y - 1959 = 5*s. What is the tens digit of y?
4
Let g(i) = -28*i + 37. Let n be g(-3). Let o = n - 101. What is the tens digit of o?
2
Let r(a) = 50*a + 1. Let k be 2/((-8)/(-3))*14*-4. Let o = 44 + k. What is the hundreds digit of r(o)?
1
Suppose -5*w - 2*m + 76763 + 73046 = 0, 0 = -w + 2*m + 29945. What is the tens digit of w?
5
Suppose -3*b = -k + 410, -4*k + 33 = -b - 89. Let z be (-6)/2 - b/6. What is the units digit of 104/((-6)/3)*(-115)/z?
9
Suppose 0*a + 3 = -3*a. Let k be a/(-2) + (-1461)/(-6). Suppose 6*f - 4*b = f + 299, -4*f + k = -2*b. What is the tens digit of f?
6
Let y(g) be the first derivative of -g**3/3 + 11*g**2 - 4*g - 49. What is the units digit of y(4)?
8
What is the tens digit of 28/(-32)*-10022 - (72/(-32))/(-9)?
6
Suppose 58*d = 42*d + 66448. What is the thousands digit of d?
4
Let w be 1*66/(-9)*(-39)/26. Suppose 12*c - 707 = w*c. What is the units digit of c?
7
Let d = 143 + -131. Let u be 6*2451/d*(-6)/(-9). Suppose -m + u = 3*f, -4*f + 3*m = f - 1385. What is the tens digit of f?
7
Let r = 86 + -93. What is the tens digit of 91/r + 9 - (-359)/1?
5
Suppose -2*z - 25678 = -5*i, 4*z = -12*i + 8*i + 20548. Suppose 11*b = -1044 + i. What is the tens digit of b?
7
Let u(l) = 50*l**2 - 200*l - 1376. What is the tens digit of u(-7)?
7
Let v(m) be the first derivative of m**3 - 19*m**2/2 + 26*m - 11. What is the tens digit of v(12)?
3
Let p = 8143 + -4389. Suppose -n + 2162 = -3*v + 5914, 2*n + p = 3*v. What is the thousands digit of v?
1
Let l(x) = x**3 + 9*x**2 + 4*x + 19. Let m be l(-8). Let c = -6 - m. Let s = 161 + c. What is the hundreds digit of s?
1
Let r(p) = 19*p + 162. Let b be r(-9). What is the units digit of -28*((b/4)/(-9) - 5)?
3
Let c = 5763 - 4070. Let a = c - 1165. Suppose 0*d + a = 8*d. What is the units digit of d?
6
Let n(f) be the third derivative of -2*f**6/15 - f**5/60 - 5*f**4/24 - 4*f**3/3 - 20*f**2. What is the units digit of n(-2)?
6
Suppose -18*n = -4443 - 525. Let l = n + -199. What is the tens digit of l?
7
Let z(f) = 118*f**2 - 40*f - 399. What is the units digit of z(-8)?
3
Suppose -4*q = -x - 0 - 160, 58 = 2*q + 5*x. What is the tens digit of (14*1)/(3/q*2)?
9
Let a(l) be the first derivative of 5*l**3/3 + 9*l**2/2 - 37*l - 75. What is the thousands digit of a(17)?
1
Suppose -7*t + 500 = 10. Suppose -50*q = -t*q + 24420. What is the tens digit of q?
2
Let q(f) = f**2 + 10*f - 4. Let o be q(-6). Let w be 2642/(-14) + -2 + o/98. Let p = w + 374. What is the hundreds digit of p?
1
Let a = -1003 - -1655. Suppose 154 = -2*g + a. What is the hundreds digit of g?
2
Let p(n) be the third derivative of 0*n + 0 + 3/8*n**4 + 33*n**2 - 5/6*n**3. What is the tens digit of p(6)?
4
Suppose 2*d - m = 13, 3*d = -5*m + 7 + 6. Let q(u) = 7*u**2 - 19*u + 35. What is the hundreds digit of q(d)?
1
Suppose -386 = -5*n + n - 2*t, 3*t + 312 = 3*n. Let u = -366 + 341. Let o = u + n. What is the units digit of o?
4
Suppose -26*z = -17*z - 39420. What is the units digit of z?
0
Let x = -17081 - -19942. What is the hundreds digit of x?
8
Let i(f) = 22*f**2 + 24*f + 1. Let b(n) = 3*n**2 - 66*n - 65. Let q be b(23). What is the units digit of i(q)?
9
Let l(n) be the first derivative of 3*n**2 + 192*n - 25. What is the units digit of l(-26)?
6
Let d be (2 - 4)*1 - -6. Suppose -5*b = -a + 21, a - 17 = d*a + b. What is the units digit of 280/12 - a/6?
4
Let g = 86 - 82. Suppose -68 = -g*k + 5*q + 7, -3*k + 3*q = -54. Suppose -k*v + 19*v = 364. What is the units digit of v?
1
Let h = -284 + 286. Suppose 5*a = -5, h*j - a - 27 = 546. What is the units digit of j?
6
Let v be (-241158)/(-10) - (-5)/25. Suppose 56*n - v = 18668. What is the tens digit of n?
6
Let g(w) = 187*w**2 + 2*w. Suppose 16*u - 21*u + 5 = 4*l, -l = 4*u - 4. What is the tens digit of g(u)?
8
Suppose 2*r - 5*i = 28101, 2*r - 6*r + 3*i = -56181. What is the tens digit of r?
4
What is the thousands digit of 2/(-10) - (14 + 1595464/(-145))?
0
Let c(t) be the first derivative of -293*t**2/2 + 37*t - 39. What is the units digit of c(-6)?
5
Suppose -2*a = -2*h + 22, 0 = 7*h - 11*h. Let s(k) = -4*k - 41. Let y be s(a). What is the units digit of 2/y - 568/(-12)?
8
What is the hundreds digit of 76170 + 7 + -7 + -4 + -6?
1
Suppose 2*r - 45 = -3*r. Let l(o) be the third derivative of o**4/8 - 5*o**3/3 + 5*o**2 + 3. What is the units digit of l(r)?
7
Let u(d) = -400*d**3 + d**2 + 20 + 12*d + 401*d**3 + 8*d**2. What is the tens digit of u(-5)?
6
Let y = -155 + 158. Suppose -y*z + 763 = -3*p + 133, 0 = 5*z + p - 1020. What is the units digit of z?
5
Let q be (-228)/(-16)*368/(-6). Let l = q + 1461. What is the tens digit of l?
8
Let j = 265 + -265. Suppose 5*l = -2*d + 169, j = 3*d - l + 2*l - 273. What is the units digit of d?
2
Let o(t) = t**3 + 6*t**2 + 9*t + 4. Let i be (-9)/4 + 3 - 57/12. Let g be o(i). Suppose g*q = 2*q - 10. What is the units digit of q?
5
Suppose -3*r - 2*c - 1 + 3 = 0, r = c + 9. Suppose 5*p - 